2132
2423 (base 11) to base 3
11100110
What is 141b (base 15) in base 3?
12220022
299a (base 11) to base 5
110420
-160605 (base 7) to base 8
-75430
-101423 (base 6) to base 9
-12156
What is 79 (base 11) in base 16?
56
What is 5063 (base 14) in base 6?
143531
What is -10a2 (base 12) in base 16?
-73a
Convert -132504 (base 6) to base 10.
-12280
-5c95 (base 14) to base 4
-3331023
Convert 45 (base 13) to base 14.
41
Convert 667 (base 12) to base 15.
42d
Convert -211010 (base 3) to base 15.
-29c
What is -96 (base 10) in base 4?
-1200
Convert -667f (base 16) to base 10.
-26239
What is -4124 (base 6) in base 2?
-1110010100
What is -87b (base 12) in base 10?
-1247
Convert 5a95 (base 15) to base 16.
4b41
-4123 (base 5) to base 16
-21a
What is -a09c (base 14) in base 9?
-41742
What is -2035 (base 6) in base 13?
-290
Convert 362c (base 14) to base 5.
300243
Convert 41143 (base 5) to base 9.
3600
Convert -3029 (base 11) to base 5.
-112044
What is -74643 (base 8) in base 11?
-21439
What is 4753 (base 8) in base 16?
9eb
-124214 (base 5) to base 12
-2a32
What is 278 (base 12) in base 2?
101111100
What is -103312 (base 4) in base 7?
-3463
-12007 (base 9) to base 14
-2cd4
What is a031 (base 13) in base 4?
11113322
-30201232 (base 4) to base 11
-35606
-12110 (base 12) to base 8
-57434
-ba15 (base 16) to base 5
-3011022
Convert -1ac (base 13) to base 9.
-375
What is -3020030 (base 4) in base 6?
-135152
-2b35 (base 16) to base 5
-323221
Convert 3230111 (base 4) to base 13.
6b66
15146 (base 7) to base 12
251b
Convert -13c (base 15) to base 3.
-101110
13488 (base 9) to base 15
2aa2
-23315 (base 7) to base 14
-227c
3554 (base 6) to base 4
31132
Convert 898 (base 14) to base 6.
11514
Convert -651 (base 13) to base 4.
-100320
5823 (base 11) to base 7
31204
Convert -51 (base 15) to base 7.
-136
Convert -1d0d (base 15) to base 16.
-18a9
Convert b29 (base 14) to base 11.
1714
2233 (base 5) to base 7
633
-36362 (base 8) to base 11
-107a4
What is -4aa0 (base 12) in base 13?
-3b19
Convert 3708 (base 12) to base 2.
1100000111000
Convert 1111100010101001 (base 2) to base 7.
353406
What is -566 (base 16) in base 12?
-972
Convert 23433 (base 5) to base 7.
5040
1043212 (base 5) to base 13
85a6
Convert 144 (base 11) to base 8.
251
Convert -fcb (base 16) to base 9.
-5482
-3606 (base 7) to base 12
-929
What is -2924 (base 11) in base 9?
-5156
What is -3400 (base 6) in base 10?
-792
-1ca (base 13) to base 14
-19d
Convert 44330 (base 5) to base 11.
235a
Convert -101211 (base 4) to base 6.
-5113
Convert -1035 (base 8) to base 5.
-4131
Convert 31b9 (base 13) to base 7.
26103
Convert -4728 (base 10) to base 15.
-1603
What is -112012 (base 3) in base 5?
-3013
Convert 54157 (base 8) to base 5.
1211024
Convert 96a3 (base 12) to base 5.
1012124
Convert 21010022 (base 3) to base 15.
1812
What is 23d (base 15) in base 9?
624
-212 (base 13) to base 6
-1345
What is -269 (base 14) in base 9?
-588
What is 567 (base 15) in base 10?
1222
What is -1359 (base 10) in base 12?
-953
-41152 (base 6) to base 5
-133333
22122 (base 4) to base 2
1010011010
What is 32237 (base 8) in base 2?
11010010011111
Convert 200010 (base 5) to base 6.
44543
-1223212 (base 4) to base 6
-51514
-102 (base 6) to base 16
-26
What is 24 (base 15) in base 2?
100010
What is -637 (base 12) in base 3?
-1020121
-130210 (base 5) to base 13
-23bb
What is 1532 (base 7) in base 11?
506
What is -3b (base 13) in base 16?
-32
Convert -14329 (base 10) to base 8.
-33771
What is 11221022 (base 3) in base 6?
24355
What is -3224 (base 6) in base 15?
-341
Convert 110110100111 (base 2) to base 7.
13122
11101 (base 2) to base 5
104
-1490 (base 10) to base 12
-a42
What is 134a1 (base 11) in base 12?
b165
Convert -111371 (base 8) to base 16.
-92f9
Convert -1001111111111 (base 2) to base 7.
-20632
Convert 874 (base 9) to base 13.
430
2322100 (base 4) to base 16
2e90
What is 202 (base 9) in base 15?
ae
-2305 (base 10) to base 2
-100100000001
-30202322 (base 4) to base 6
-1033522
-255 (base 15) to base 8
-1022
Convert 661 (base 8) to base 10.
433
-110000 (base 2) to base 10
-48
Convert 2b2 (base 14) to base 8.
1044
What is -615 (base 14) in base 11?
-997
-3a4c (base 13) to base 2
-10000010011001
Convert -1216 (base 10) to base 15.
-561
-302 (base 14) to base 4
-21032
What is -27628 (base 9) in base 12?
-aa15
-5b1 (base 15) to base 2
-10100001011
23721 (base 8) to base 4
2133101
What is 101111000001 (base 2) in base 8?
5701
What is -35ba (base 12) in base 15?
-1bd1
Convert -11b04 (base 12) to base 10.
-24052
103321 (base 4) to base 15
59d
-305 (base 14) to base 15
-298
-7bc (base 16) to base 8
-3674
-1001100101111 (base 2) to base 10
-4911
Convert 10202 (base 3) to base 6.
245
Convert 33b3 (base 12) to base 6.
42343
What is 2022101 (base 3) in base 2?
11010010100
What is -15764 (base 11) in base 7?
-121522
Convert 11011 (base 2) to base 8.
33
Convert 76607 (base 9) to base 10.
50794
What is -221 (base 16) in base 7?
-1406
Convert 17382 (base 11) to base 5.
1240121
What is 83832 (base 9) in base 7?
320243
What is -228 (base 14) in base 8?
-654
-36550 (base 8) to base 14
-5a2c
What is 22255 (base 7) in base 14?
209c
-130113 (base 4) to base 6
-12223
Convert 1acb (base 13) to base 9.
5504
What is -4563 (base 7) in base 14?
-86a
-1012221 (base 3) to base 9
-1187
-1355 (base 7) to base 10
-530
10010011011 (base 2) to base 4
102123
-101111111000 (base 2) to base 13
-1519
1200020002 (base 3) to base 2
1000000011001001
Convert 131211 (base 5) to base 7.
21051
What is 2334 (base 6) in base 12?
3aa
Convert -9dd3 (base 16) to base 14.
-10a1d
What is -44104 (base 5) in base 8?
-5725
What is -1565 (base 8) in base 16?
-375
What is -19727 (base 10) in base 3?
-1000001122
Convert -258 (base 13) to base 10.
-411
2452 (base 8) to base 14
6a6
Convert -539 (base 12) to base 11.
-636
1553 (base 10) to base 8
3021
Convert -41344 (base 6) to base 14.
-2036
Convert -331040 (base 5) to base 3.
-120122001
Convert 322032 (base 4) to base 13.
1908
What is 141a2 (base 11) in base 10?
20198
21404 (base 5) to base 15
689
-223442 (base 6) to base 8
-45022
Convert 200011 (base 3) to base 7.
1300
-1b1 (base 14) to base 8
-537
Convert -10101010 (base 2) to base 10.
-170
-11101000010000 (base 2) to base 12
-8728
197 (base 14) to base 16
149
What is 721d (base 14) in base 4?
10302223
What is 340 (base 12) in base 7?
1254
Convert -12178 (base 9) to base 12.
-488b
Convert 1022201 (base 3) to base 12.
684
5022 (base 6) to base 12
772
162 (base 14) to base 16
11a
Convert 50 (base 15) to base 6.
203
2034 (base 8) to base 12
738
What is -1322 (base 7) in base 3?
-200202
What is -2407 (base 8) in base 16?
-507
What is -220000 (base 3) in base 8?
-1210
-2c7 (base 14) to base 3
-210000
Convert 834 (base 9) to base 15.
304
What is -47826 (base 9) in base 5?
-2011034
Convert 174 (base 11) to base 2.
11001010
Convert 235034 (base 6) to base 15.
6147
-17513 (base 12) to base 9
-51036
Convert -63160 (base 9) to base 2.
-1010001011011000
-134222 (base 5) to base 9
-7560
What is -523 (base 8) in base 9?
-416
-9950 (base 11) to base 3
-200000001
What is 2488 (base 10) in base 12?
1534
Convert -291b8 (base 12) to base 3.
-2220121112
Convert -436 (base 12) to base 6.
-2510
-40 (base 13) to base 14
-3a
What is 12514 (base 13) in base 15?
a047
Convert -54de (base 16) to base 14.
-7cbc
What is -12d6 (base 15) in base 2?
-111110111010
What is -2020 (base 6) in base 8?
-674
What is 1e5d (base 16) in base 13?
36cc
Convert 33 (base 6) to base 15.
16
What is -3505 (base 11) in base 10?
-4603
What is 2613 (base 7) in base 12?
6a6
1506 (base 9) to base 7
3216
Convert -14232 (base 7) to base 15.
-1249
111000010011100 (base 2) to base 3
1110112201
Convert 32bc (base 14) to base 3.
110001120
What is 14553 (base 8) in base 9?
8830
Convert 78 (base 10) to base 15.
53
What is -110101110010100 (base 2) in base 13?
-c6c6
Convert -1373b (base 12) to base 6.
-324515
What is 21422 (base 5) in base 10?
1487
Convert -5ac8 (base 13) to base 3.
-122121112
Convert -40 (base 12) to base 5.
-143
What is -201202001 (base 3) in base 11?
-a8a4
Convert 3dd (base 16) to base 7.
2612
Convert 41347 (base 9) to base 13.
c53b
What is 38052 (base 9) in base 3?
1022001202
Convert -343 (base 10) to base 15.
-17d
What is -396 (base 14) in bas